tor of 132 and 220.
44
What is the highest common factor of 48 and 60?
12
Calculate the highest common divisor of 732 and 1952.
244
Calculate the highest common factor of 23187 and 531.
177
Calculate the greatest common factor of 28 and 1708.
28
What is the greatest common divisor of 1 and 132?
1
Calculate the greatest common factor of 5348 and 56.
28
What is the highest common factor of 20 and 100?
20
What is the highest common divisor of 5461 and 43?
43
Calculate the greatest common factor of 330 and 60.
30
What is the highest common divisor of 6894 and 72?
18
Calculate the highest common factor of 493 and 391.
17
Calculate the highest common factor of 57 and 7087.
19
Calculate the highest common factor of 432 and 32.
16
Calculate the greatest common divisor of 4 and 2.
2
What is the greatest common divisor of 2588 and 4?
4
What is the greatest common divisor of 616 and 6424?
88
Calculate the highest common divisor of 2520 and 70.
70
What is the greatest common factor of 53 and 4?
1
Calculate the highest common factor of 23400 and 26.
26
Calculate the greatest common factor of 9400 and 200.
200
What is the highest common divisor of 11 and 12727?
11
Calculate the highest common divisor of 366 and 2.
2
What is the greatest common factor of 336 and 384?
48
Calculate the highest common divisor of 24 and 156.
12
What is the greatest common factor of 1265 and 1035?
115
What is the highest common factor of 645 and 258?
129
What is the highest common divisor of 3 and 3?
3
What is the highest common factor of 8277 and 465?
93
What is the greatest common divisor of 3 and 51?
3
Calculate the highest common divisor of 207 and 9.
9
Calculate the greatest common factor of 70280 and 280.
280
What is the highest common factor of 8 and 568?
8
Calculate the highest common factor of 279 and 36.
9
What is the highest common divisor of 123 and 1025?
41
What is the greatest common divisor of 5 and 11035?
5
Calculate the highest common divisor of 40 and 39600.
40
What is the greatest common divisor of 136 and 8840?
136
Calculate the highest common divisor of 169 and 39.
13
Calculate the highest common factor of 972 and 36.
36
Calculate the highest common factor of 950 and 25.
25
Calculate the highest common divisor of 858 and 66.
66
Calculate the greatest common divisor of 21586 and 86.
86
What is the greatest common factor of 2332 and 636?
212
What is the greatest common factor of 90 and 216?
18
Calculate the highest common factor of 100 and 1350.
50
What is the highest common divisor of 531 and 63?
9
What is the greatest common factor of 216 and 8?
8
Calculate the highest common factor of 6 and 256.
2
What is the greatest common factor of 3680 and 1288?
184
Calculate the highest common divisor of 132 and 94.
2
Calculate the highest common factor of 2190 and 1470.
30
Calculate the highest common divisor of 9 and 150.
3
Calculate the highest common divisor of 10 and 610.
10
What is the highest common factor of 8 and 17080?
8
Calculate the greatest common factor of 4 and 2104.
4
Calculate the greatest common divisor of 2910 and 270.
30
What is the greatest common factor of 820 and 55?
5
What is the greatest common divisor of 1005 and 15?
15
What is the greatest common divisor of 49 and 287?
7
What is the highest common divisor of 3224 and 312?
104
Calculate the highest common divisor of 22 and 1551.
11
What is the greatest common factor of 9 and 1287?
9
What is the greatest common divisor of 936 and 91?
13
What is the highest common factor of 100 and 3925?
25
What is the greatest common divisor of 780 and 60?
60
Calculate the highest common factor of 128 and 832.
64
What is the greatest common factor of 3227 and 49?
7
Calculate the highest common divisor of 744 and 5022.
186
Calculate the highest common divisor of 408 and 1479.
51
What is the greatest common divisor of 14394 and 6?
6
What is the highest common factor of 762 and 10414?
254
What is the highest common factor of 16 and 7?
1
Calculate the highest common divisor of 31 and 138.
1
Calculate the greatest common factor of 255 and 3485.
85
What is the highest common factor of 62 and 217?
31
What is the greatest common divisor of 14 and 490?
14
What is the greatest common factor of 240 and 12?
12
Calculate the greatest common divisor of 1472 and 46.
46
Calculate the greatest common divisor of 2562 and 21.
21
What is the highest common factor of 15 and 9?
3
What is the greatest common divisor of 4840 and 352?
88
What is the highest common divisor of 48 and 64?
16
Calculate the highest common factor of 155 and 2511.
31
What is the highest common factor of 4858 and 14?
14
What is the highest common divisor of 28 and 3?
1
Calculate the highest common divisor of 106 and 3127.
53
Calculate the greatest common divisor of 3944 and 408.
136
Calculate the greatest common divisor of 638 and 29.
29
Calculate the greatest common divisor of 182 and 168.
14
What is the highest common divisor of 13 and 416?
13
Calculate the highest common factor of 12545 and 65.
65
Calculate the greatest common factor of 532 and 560.
28
Calculate the highest common divisor of 33332 and 52.
52
Calculate the greatest common divisor of 155 and 5.
5
Calculate the greatest common factor of 460 and 60.
20
What is the highest common divisor of 56 and 2744?
56
What is the highest common divisor of 39 and 247?
13
Calculate the greatest common factor of 7683 and 91.
13
Calculate the highest common divisor of 2620 and 30.
10
Calculate the greatest common factor of 4511 and 13.
13
Calculate the highest common divisor of 516 and 1419.
129
What is the highest common factor of 595 and 35?
35
What is the greatest common divisor of 16 and 17896?
8
What is the greatest common divisor of 240 and 18?
6
What is the greatest common factor of 49 and 49?
49
Calculate the greatest common factor of 414 and 18.
18
What is the greatest common divisor of 12348 and 36?
36
What is the highest common factor of 2004 and 24?
12
Calculate the highest common factor of 92 and 115.
23
What is the greatest common divisor of 84 and 492?
12
What is the highest common factor of 77 and 98?
7
Calculate the highest common factor of 368 and 92.
92
Calculate the highest common divisor of 420 and 45.
15
What is the greatest common divisor of 4551 and 123?
123
Calculate the highest common factor of 8143 and 17.
17
Calculate the highest common divisor of 232 and 783.
29
What is the highest common divisor of 7 and 133?
7
What is the greatest common divisor of 1241 and 73?
73
Calculate the highest common divisor of 120 and 72.
24
Calculate the greatest common factor of 56 and 8744.
8
Calculate the highest common divisor of 121 and 2178.
121
What is the highest common factor of 159 and 212?
53
What is the greatest common divisor of 3510 and 3780?
270
What is the highest common divisor of 207 and 529?
23
Calculate the greatest common divisor of 2046 and 66.
66
What is the greatest common factor of 40 and 14580?
20
What is the highest common divisor of 84 and 21?
21
What is the highest common divisor of 12 and 1356?
12
Calculate the highest common factor of 84 and 12.
12
Calculate the greatest common factor of 41 and 656.
41
Calculate the greatest common factor of 6270 and 495.
165
Calculate the highest common divisor of 930 and 19840.
310
Calculate the greatest common divisor of 31 and 29.
1
What is the greatest common divisor of 174 and 80736?
174
What is the greatest common divisor of 48 and 1712?
16
Calculate the highest common divisor of 88 and 1892.
44
What is the highest common factor of 635 and 889?
127
Calculate the greatest common factor of 140 and 1435.
35
What is the highest common factor of 1 and 56?
1
Calculate the greatest common divisor of 8 and 72.
8
Calculate the highest common divisor of 32 and 368.
16
Calculate the greatest common factor of 1271 and 496.
31
What is the highest common factor of 10 and 55?
5
Calculate the highest common divisor of 2387 and 33.
11
What is the greatest common divisor of 44 and 13112?
44
What is the greatest common factor of 13301 and 849?
283
Calculate the highest common factor of 24 and 588.
12
Calculate the highest common divisor of 407 and 440.
11
What is the greatest common divisor of 12 and 22?
2
Calculate the highest common divisor of 2